t p(f) = f**3 + 17*f**2 + 17*f + 20. Determine p(-16).
4
Let y(s) = s**2 - s - 44. Determine y(-6).
-2
Let b(j) = -j**3 - 2*j**2 - 6*j - 1. Calculate b(-4).
55
Let q(k) = -k + 1. Calculate q(-5).
6
Let a(c) = -6*c + 5. Give a(10).
-55
Let l(s) = -16*s - 94. Calculate l(-6).
2
Let l(p) = -21*p - 210. Calculate l(-10).
0
Let o(n) = n**3 + 8*n**2 - 4. What is o(-5)?
71
Let n(g) = 2*g**3 - 3*g**2 - 6*g - 2. Give n(-3).
-65
Let h(c) = -c**2 + 72. Give h(0).
72
Let s(x) = -4*x - 3. Give s(-7).
25
Let w(b) = -b**3 - 3*b**2 + 10*b + 1. Determine w(-5).
1
Let y(c) = -3*c - 39. Give y(-20).
21
Let o(l) = -l**2 - 14*l - 18. Calculate o(-14).
-18
Let i(d) = -2*d**3 - 5*d**2 - d - 5. Calculate i(-4).
47
Let o(w) = -w**3 + 27*w**2 - 29*w + 59. Determine o(26).
-19
Let f(n) = -n**2 - 2. Give f(-3).
-11
Let i(t) = -8*t. Calculate i(-5).
40
Let x(o) = o**3 - 13*o**2 + 18*o - 30. Calculate x(12).
42
Let t(u) = 12*u**2 + 89*u + 37. What is t(-7)?
2
Let h(j) = 22*j - 113. Give h(5).
-3
Let i(s) = -s**2 + 6*s - 3. What is i(4)?
5
Let s(i) = -3*i**2 - 6*i - 5. Give s(-1).
-2
Let b(n) = -2*n + 2. Calculate b(-6).
14
Let a(d) = -6*d**2 + d. Calculate a(1).
-5
Let f(u) = u**2 - 7*u + 3. What is f(7)?
3
Let w(a) = -a - 3. Give w(-18).
15
Let f(z) = -z**3 - 4*z**2 - 3*z - 1. What is f(-3)?
-1
Let x(f) = -7*f**2 + 5*f - 2. Give x(3).
-50
Let r(v) = -2*v + 28. Give r(10).
8
Let v(l) = l**2 + 2*l + 5. Determine v(-6).
29
Let i(z) = -z**2 + 23*z + 23. What is i(20)?
83
Let v(d) = -d**3 - 12*d**2 - 34*d + 13. Determine v(-6).
1
Let y(n) = -8*n - 1. Calculate y(1).
-9
Let g(m) = -10*m - 17. What is g(-6)?
43
Let z(a) = -4*a - 10. Calculate z(-4).
6
Let x(i) = -2*i**2 - 17*i + 8. Determine x(-9).
-1
Let r(m) = -2*m + 35. Determine r(5).
25
Let c(m) = -2*m**3 - 15*m**2 + 9*m + 22. What is c(-8)?
14
Let k(s) = -s**2 + 5*s - 5. Determine k(3).
1
Let b(k) = -k. Determine b(2).
-2
Let i(o) = -2*o**3 - 10*o**2 + 2*o + 11. What is i(-7)?
193
Let u(k) = 5*k + 25. What is u(-4)?
5
Let n(y) = -y - 10. Determine n(-10).
0
Let y(z) = z - 5. Give y(-2).
-7
Let v(k) = k**3 + k**2 - 7*k - 6. Calculate v(-4).
-26
Let o(p) = 8*p - 9. What is o(7)?
47
Let a(b) = b**2 - 7*b + 2. Calculate a(3).
-10
Let h(i) = 11*i + 112. Give h(-12).
-20
Let w(u) = -u**2 + 9*u - 10. What is w(7)?
4
Let z(c) = -3*c - 106. Determine z(-36).
2
Let r(n) = n**2 + 6*n + 6. Determine r(-4).
-2
Let p(w) = -34*w**3 + w**2 + w - 1. Determine p(1).
-33
Let m(n) = n**2 - 9*n + 8. What is m(6)?
-10
Let x(v) = -2*v**2 - 4*v - 5. Calculate x(-4).
-21
Let y(p) = -2*p**3 - 22*p**2 + 6*p + 66. What is y(-11)?
0
Let c(n) = -4*n + 7. Determine c(5).
-13
Let n(b) = -2*b**2 - 5*b - 1. Give n(-3).
-4
Let m(v) = 5*v + 3. Calculate m(1).
8
Let z(r) = r**3 + 16*r**2 + 13*r - 35. Determine z(-15).
-5
Let h(i) = i**3 + 9*i**2 - 2*i - 21. Determine h(-9).
-3
Let c(v) = -v**3 + 7*v**2 + 2*v - 7. Give c(8).
-55
Let w(j) = 43*j + 177. Determine w(-4).
5
Let l(m) = 2*m**3 - 14*m**2 + 8*m + 26. Calculate l(6).
2
Let c(k) = 2*k**2 + 49*k + 213. Calculate c(-6).
-9
Let v(n) = -9*n - 17. Calculate v(-2).
1
Let w(h) = h - 2. Give w(-7).
-9
Let i(u) = -u**2 + 2*u - 4. What is i(-5)?
-39
Let b(i) = i**2 + 57*i + 54. Determine b(-56).
-2
Let m(d) = 2*d**3 + 4*d**2 + 4*d. Calculate m(-2).
-8
Let i(q) = q - 29. What is i(28)?
-1
Let i(j) = j**2 + 2*j - 16. Determine i(-7).
19
Let v(m) = -3*m**2 - 60*m - 6. Give v(-20).
-6
Let f(s) = 26*s - 3. What is f(0)?
-3
Let k(u) = u**2 + 8*u - 66. Determine k(-13).
-1
Let a(x) = 9*x**2 + 24*x - 7. Give a(-3).
2
Let r(m) = -2*m + 25. What is r(7)?
11
Let v(n) = -2*n + 2. What is v(-6)?
14
Let o(g) = g + 1. Give o(17).
18
Let o(f) = 2*f**3 + 9*f**2 - 6*f - 12. Give o(-5).
-7
Let u(s) = s**3 - 12*s**2 - 19. Give u(12).
-19
Let h(g) = 22*g**2 + 10*g - 1. What is h(-1)?
11
Let b(v) = -v**2 + 18*v - 30. Determine b(16).
2
Let w(u) = -u**3 - 8*u**2 + 1. Calculate w(-8).
1
Let f(v) = -v**3 + 9*v**2 - 24*v + 15. What is f(5)?
-5
Let h(o) = 6*o + 17. What is h(-4)?
-7
Let w(n) = -3*n - 6. What is w(-3)?
3
Let u(j) = -j**2 - j + 9. Determine u(-5).
-11
Let u(p) = 2*p + 20. What is u(-9)?
2
Let k(g) = -14*g**2 + 18*g - 2. Give k(2).
-22
Let y(k) = 3*k - 6. Determine y(-11).
-39
Let y(x) = 4*x - 38. Calculate y(12).
10
Let a(r) = r**3 - 8*r**2 + 10*r - 14. Calculate a(7).
7
Let p(b) = 8*b**3 + 2*b**2 - b. Determine p(1).
9
Let d(m) = 12*m + 6. What is d(-6)?
-66
Let c(j) = -j**3 - 4*j**2 - j + 2. What is c(-4)?
6
Let d(v) = v**3 + v**2 + 2*v - 11. Give d(0).
-11
Let h(w) = -6*w + 7. Give h(-3).
25
Let p(w) = 4*w + 19. Determine p(-6).
-5
Let z(g) = g**2 + g - 5. Determine z(2).
1
Let i(q) = -51*q + 8. Give i(3).
-145
Let u(z) = -11*z - 7. Give u(-5).
48
Let a(x) = x - 16. Give a(-5).
-21
Let w(d) = -5*d - 86. Calculate w(-16).
-6
Let j(l) = -2*l + 1. Give j(3).
-5
Let m(i) = -i**2. Calculate m(0).
0
Let v(x) = 23*x - 820. Determine v(36).
8
Let n(w) = 6*w**3 + 3*w**2 + 2*w. Determine n(-1).
-5
Let z(y) = 2*y + 11. What is z(-4)?
3
Let v(y) = 16*y**2 + y. Give v(1).
17
Let r(y) = 2*y**3 - 11*y**2 + 6*y + 10. Calculate r(5).
15
Let s(z) = z**2 + 3*z - 21. Determine s(4).
7
Let h(j) = -2*j**2 + 18*j - 12. Determine h(9).
-12
Let t(i) = -30*i - 17. Give t(0).
-17
Let p(y) = -y**3 + 21*y**2 - 3*y + 65. Give p(21).
2
Let v(j) = -3*j**2 + 15*j + 30. Calculate v(-2).
-12
Let h(j) = j**3 - j**2 + j + 5. Determine h(0).
5
Let y(i) = 2*i**2 + 38*i + 43. Calculate y(-18).
7
Let p(x) = 3*x - 14. What is p(6)?
4
Let q(m) = m**3 - 10*m**2 - 10*m + 5. What is q(11)?
16
Let q(r) = 5*r + 2. Give q(-7).
-33
Let g(l) = -l**3 - 12*l**2 + 3*l + 45. Determine g(-12).
9
Let g(t) = 3*t**3 + 58*t**2 - 45*t - 92. What is g(-20)?
8
Let i(u) = -u**3 - 8*u**2 + 10*u - 11. What is i(-9)?
-20
Let o(q) = -4*q**3 + 3*q**2 + q - 2. Give o(-2).
40
Let x(c) = -c**2 + 2*c - 2. Determine x(2).
-2
Let f(p) = -2*p**3 + 2*p**2 + 3*p - 5. Calculate f(3).
-32
Let g(i) = i**3 - 2*i**2 + 2*i + 1. Give g(-2).
-19
Let a(f) = -10*f + 240. What is a(21)?
30
Let w(l) = 2*l**3 + 10*l**2 - 13*l - 39. Give w(-6).
-33
Let l(b) = -b + 13. What is l(5)?
8
Let i(o) = 2*o**3. Give i(1).
2
Let g(b) = b**2 - 20*b + 91. Give g(7).
0
Let z(l) = 5*l - 1. What is z(2)?
9
Let g(w) = -w**3 - 6*w**2 + 3*w + 16. Determine g(-6).
-2
Let d(v) = -2*v + 24. What is d(-9)?
42
Let m(t) = 9*t**2 - 7*t + 6. Calculate m(1).
8
Let m(k) = k**2 + 44*k + 409. What is m(-31)?
6
Let d(b) = 2*b**3 + 18*b**2 - 2. What is d(-9)?
-2
Let k(m) = -m**3 + 4*m**2 - 3*m - 5. Determine k(5).
-45
Let y(j) = -13*j - 84. What is y(-6)?
-6
Let g(k) = 2*k + 86. Give g(-17).
52
Let y(a) = a**2 + 9*a - 4. Determine y(-9).
-4
Let t(n) = -n**3 - 11*n**2 + 10*n - 21. What is t(-12)?
3
Let l(w) = -w - 73. Give l(32).
-105
Let u(l) = 2*l**2 + 15*l + 6. Give u(-8).
14
Let h(y) = 6*y. Calculate h(-1).
-6
Let m(o) = -3*o - 30. Determine m(-11).
3
Let i(l) = 17*l**2 - l - 2. Calculate i(-1).
16
Let y(m) = 7*m + 100. Give y(-14).
2
Let a(y) = 27*y - 7. Calculate a(2).
47
Let v(y) = -y**3 + 3*y**2 + 14*y. Determine v(6).
-24
Let f(u) = u**2 - 15*u + 33. What is f(9)?
-21
Let c(k) = -k**2 + 10*k - 6. Give c(8).
10
Let l(k) = -10*k + 443. Calculate l(45).
-7
Let f(n) = n**3 - 9*n**2 - 12. Calculate f(9).
-12
Let j(c) = -c**3 - 6*c**2 - 11*c - 8. Determine j(-4).
4
Let a(s) = 7*s + 1. What is a(-3)?
-20
Let p(b) = b**3 + 5*b**2 + b + 7. Give p(-5).
2
Let w(h) = -h**2 - 14*h + 15. Determine w(-15).
0
Let x(j) = -3*j + 10. Determine x(-5).
25
Let v(s) = -s**2 - 17*s - 15. Give v(-15).
15
Let b(h) = 4*h - 48. Calculate b(12).
0
Let c(z) = -z**3 + 9*z**2 + 16*z - 11. What is c(10)?
49
Let t(r) = r**2 + 1. What is t(-1)?
2
Let g(c) = c**2 - 12*c - 95. Determine g(-5).
-10
Let u(j) = 2*j + 4. Determine u(6).
16
Let k(d) = -d**2 - 24*d - 85. Calculate k(-4).
-5
Let b(j) = -2*j**3 - 19*j**2 + 10*j - 5. What is b(-10)?
-5
Let b(y) = -y**3 - 5*y**2 - 3*y - 7. Calculate b(-3).
-16
Let v(z) = z**3 - 3*z**2 + 2*z + 4. Give v(2).
4
Let y(t) = -t - 6. Give y(7).
-13
Let x(r) = -145*r. Give x(0).
0
Let i(s) = -10*s + 32. Calculate i(3).
2
Let q(d) = d**3 + 7*d**2 + 15*d - 6. Calculate q(-4).
-18
Let g(o) = 8*o - 53. Determine g(7).
3
Let x(j) = -4*j - 77. Calculate x(-12).
-29
Let a(n) = -n**3 + 5*n**2 - 4*n - 4. Determine a(5).
-24
Let p(t) = -2*t**2 